hat is the greatest common factor of 40672 and 143592?
248
Calculate the greatest common divisor of 2547 and 27379967.
283
What is the highest common factor of 4268368 and 637?
13
Calculate the highest common factor of 306325386 and 18.
18
What is the highest common divisor of 1 and 2373131?
1
Calculate the greatest common factor of 42 and 33241638.
6
What is the greatest common divisor of 432 and 231912774?
54
Calculate the greatest common factor of 7147 and 1105743.
1021
What is the highest common factor of 43860565 and 308014?
3143
Calculate the greatest common factor of 36335064 and 5552.
2776
What is the greatest common factor of 434108 and 3116?
164
What is the highest common divisor of 676435 and 590?
295
Calculate the highest common divisor of 9009 and 305331.
39
Calculate the greatest common factor of 1095 and 1393380.
15
What is the greatest common factor of 810 and 3574770?
30
What is the highest common factor of 125441152 and 6432?
2144
What is the greatest common factor of 13014934 and 3634?
158
Calculate the greatest common divisor of 8 and 819697912.
8
Calculate the highest common divisor of 967055 and 141494.
269
What is the greatest common divisor of 1061283963 and 69?
69
What is the greatest common factor of 725 and 21920?
5
Calculate the greatest common factor of 37599 and 373251.
249
Calculate the greatest common divisor of 67963 and 14104111.
3577
Calculate the greatest common divisor of 43552756 and 83.
83
What is the highest common factor of 235433 and 5049?
187
Calculate the greatest common factor of 83656206 and 4044.
2022
What is the highest common divisor of 1805 and 2587895?
95
What is the greatest common factor of 5240 and 29519540?
2620
Calculate the highest common divisor of 1082 and 75960187.
541
Calculate the greatest common factor of 4877083 and 97.
1
Calculate the highest common factor of 100 and 2274620.
20
What is the greatest common divisor of 216 and 2342312?
8
What is the greatest common divisor of 9314894 and 48143?
1553
Calculate the greatest common factor of 6458412 and 6.
6
What is the highest common factor of 4284060 and 1760?
220
Calculate the greatest common divisor of 29512 and 1490776.
56
What is the greatest common divisor of 69982176 and 5368?
88
Calculate the greatest common factor of 23528 and 44461.
173
What is the greatest common factor of 837 and 946802?
31
Calculate the greatest common factor of 18161364 and 585.
39
Calculate the highest common divisor of 447118 and 489846.
1526
Calculate the greatest common factor of 2604482 and 1862.
38
Calculate the highest common divisor of 120292 and 222284.
244
Calculate the highest common divisor of 516 and 32988654.
258
What is the greatest common divisor of 831240 and 21960?
360
Calculate the greatest common divisor of 313967 and 101382.
61
Calculate the highest common divisor of 507840 and 49726.
1058
What is the greatest common divisor of 167 and 560452000?
167
What is the highest common factor of 472 and 512441432?
472
Calculate the greatest common divisor of 121149291 and 8945.
1789
What is the highest common factor of 553844655 and 351?
351
Calculate the highest common divisor of 23900 and 115400.
100
Calculate the highest common factor of 171560 and 6892423.
4289
Calculate the greatest common divisor of 7381923 and 39.
3
What is the greatest common divisor of 1083 and 1395888?
3
What is the greatest common factor of 656 and 12634864?
16
Calculate the greatest common divisor of 189 and 1707111.
63
Calculate the greatest common factor of 556110 and 444.
222
Calculate the greatest common factor of 151302 and 11857.
167
Calculate the greatest common factor of 4080 and 324080.
80
Calculate the highest common divisor of 456095 and 15865.
95
Calculate the highest common factor of 6729 and 2109.
3
What is the highest common factor of 146531 and 9339?
11
Calculate the greatest common divisor of 12 and 2731052.
4
Calculate the highest common factor of 34254102 and 2950.
118
What is the highest common factor of 3887664 and 1518?
66
Calculate the highest common factor of 2774 and 39729082.
146
What is the highest common factor of 363382 and 5146?
62
What is the greatest common factor of 10283 and 14531348?
1469
Calculate the highest common divisor of 19403346 and 1236.
618
Calculate the greatest common factor of 7227696 and 32.
16
What is the greatest common divisor of 4585 and 793870?
35
Calculate the greatest common factor of 18070639 and 27128.
3391
Calculate the greatest common factor of 3357 and 878.
1
What is the highest common divisor of 759 and 325878927?
759
Calculate the greatest common factor of 266461 and 121589.
2587
What is the highest common divisor of 505554 and 1554?
42
What is the greatest common divisor of 28021732 and 62452?
4804
What is the highest common factor of 7406451 and 2457?
351
Calculate the greatest common divisor of 53287355 and 290.
145
Calculate the greatest common divisor of 390871 and 11128.
1391
What is the highest common factor of 14121 and 243189?
27
What is the greatest common divisor of 2955330 and 3997?
7
What is the greatest common factor of 23 and 55767801?
23
Calculate the greatest common divisor of 1655365015 and 1090.
545
Calculate the highest common divisor of 3230 and 92786.
34
Calculate the greatest common factor of 51343603 and 1271.
41
Calculate the greatest common factor of 50820 and 112090.
110
What is the greatest common factor of 814 and 4072553?
37
Calculate the greatest common divisor of 394955 and 501.
167
What is the greatest common factor of 502401 and 14697692?
9851
What is the greatest common divisor of 776898 and 55701?
27
What is the greatest common divisor of 87 and 4350441?
3
What is the highest common factor of 2032677 and 140391?
171
What is the highest common factor of 305 and 336713595?
305
Calculate the greatest common divisor of 1797 and 24581163.
1797
What is the greatest common divisor of 104794214 and 42?
14
Calculate the highest common divisor of 23461 and 159373.
809
Calculate the greatest common divisor of 7830630 and 384768.
3006
What is the greatest common divisor of 446734262 and 338?
338
Calculate the greatest common factor of 4240543 and 1022593.
7151
Calculate the highest common divisor of 1405871946 and 6408.
1602
What is the highest common divisor of 569 and 994672883?
569
Calculate the greatest common factor of 385082 and 35774.
62
Calculate the greatest common divisor of 25597 and 358501.
143
What is the highest common factor of 98 and 32389?
49
What is the highest common divisor of 666666 and 58773?
429
What is the highest common factor of 52659717 and 33?
33
What is the highest common divisor of 10840 and 13914495?
1355
What is the highest common factor of 18521 and 32?
1
What is the greatest common factor of 1691676 and 442764?
1764
Calculate the highest common factor of 72 and 29183148.
36
What is the highest common divisor of 60 and 248523880?
20
Calculate the greatest common divisor of 96471800 and 400.
200
Calculate the highest common divisor of 332232 and 141373.
109
Calculate the highest common divisor of 418380 and 2152092.
228
What is the greatest common divisor of 129119 and 227?
1
What is the highest common factor of 1722 and 16630338?
246
What is the greatest common divisor of 1960192 and 7694848?
4864
What is the greatest common factor of 26624 and 13648?
16
Calculate the greatest common divisor of 44408 and 2161432.
728
Calculate the highest common divisor of 2836 and 1959946838.
1418
Calculate the greatest common divisor of 6254 and 22656.
118
Calculate the greatest common factor of 7952 and 333044528.
1136
What is the greatest common divisor of 13617240 and 289562?
7826
Calculate the highest common factor of 5295 and 79185.
15
What is the greatest common factor of 722 and 40413589?
361
Calculate the greatest common divisor of 544 and 4224874.
34
What is the highest common factor of 3711 and 270947532?
3711
Calculate the highest common factor of 707 and 100091.
101
What is the highest common divisor of 7434909 and 1215?
81
Calculate the greatest common divisor of 4066 and 783284405.
2033
Calculate the greatest common divisor of 1312 and 12643616.
32
What is the highest common factor of 1015 and 42282?
29
Calculate the greatest common factor o